mmon factor of h and p.
10
Let m(h) = 31*h - 61. Let j be m(8). Calculate the greatest common divisor of 11 and j.
11
Let s(k) = -4*k - k**2 - 3 + 6*k + 6*k + 2. Let x be s(5). Suppose -x = -4*g + 18. What is the greatest common factor of g and 2?
2
Let i = 335 - 227. Suppose -2*n + i = 2*n. What is the highest common divisor of n and 18?
9
Suppose 0*s = 3*s, -s = -2*v + 148. Calculate the highest common factor of 37 and v.
37
Let x(g) = 8*g**2 + 2*g + 1. Let q be 0 - 1 - 2 - -2. Let z be x(q). Suppose -2*w = 3*w - 385. What is the highest common factor of z and w?
7
Let g(a) = -2*a**3 + a**2 + a. Let k be g(-1). Suppose p = k*p - 24. Calculate the greatest common divisor of 60 and p.
12
Let s(c) = 7*c**2 + 2*c. Let k be s(-2). Calculate the greatest common factor of 120 and k.
24
Suppose -u = 2*u - 324. What is the highest common factor of u and 4?
4
Let w(r) = r**2 + 4*r + 4. Let n be w(-14). Suppose 0*q = 3*q - 3*u - 24, -4*u = -4. Let h = q + 9. What is the greatest common divisor of n and h?
18
Suppose 310 - 758 = -7*p. What is the highest common factor of p and 16?
16
Let w = 252 + -172. What is the greatest common factor of w and 10?
10
Let s = 1056 - 299. Suppose s - 157 = 5*w. What is the highest common divisor of 15 and w?
15
Let k(j) be the first derivative of 3*j**2/2 - 10*j - 5. Let l be k(6). Calculate the greatest common factor of l and 16.
8
Suppose 9 = 2*y - 5. Let c be (y + -2)/((-3)/(-6)). What is the highest common factor of c and 70?
10
Let w(t) = -t**3 + 7*t**2 + 11*t - 4. Let y be w(8). Suppose 5*d + 20 = 0, 392 = 5*f + 4*d - 392. What is the highest common divisor of y and f?
20
Let b be 4/6 - (-1430)/15. Calculate the greatest common divisor of b and 12.
12
Suppose -3*h + 258 = 5*r, 278 = r + 4*r - 2*h. Suppose s - 1 = -3*q + 13, s - 20 = -4*q. Calculate the greatest common divisor of r and q.
6
Let i(n) = 116*n**3 + 1. Let o be i(1). Let s be (-2 - -15)/((-4)/(-4)). What is the highest common divisor of o and s?
13
Let m(v) = -3 + v + 6 - 1 + 1. Let c be m(9). What is the highest common factor of 30 and c?
6
Suppose 2*z + 8*z = 810. Suppose 3*y = -y + 36. What is the highest common factor of y and z?
9
Let p(j) = -j**3 + 3*j**2 - j - 2. Let k be p(3). Let f = k - -8. Let m(w) = w**2 - 4*w. Let v be m(7). What is the highest common factor of v and f?
3
Suppose 28 + 7 = 7*n. Calculate the highest common factor of n and 20.
5
Suppose 2*f = -f + 21. Suppose -d + f = -2*b, -5*d + 2*b - 5*b = 4. Calculate the highest common divisor of 1 and d.
1
Let m = 7 - 7. Suppose 2*o + 27 - 159 = m. Calculate the highest common factor of o and 22.
22
Let z = -15 + 22. Calculate the greatest common factor of z and 77.
7
Let o = 3 - 3. Suppose o*w = -3*w + 270. Let m = 6 - -3. Calculate the greatest common factor of m and w.
9
Let w = 24 + -18. Calculate the highest common factor of w and 2.
2
Let b = -19 + 39. What is the greatest common factor of 100 and b?
20
Let n(g) = g**3 + 2*g**2 - g. Let f be n(2). What is the highest common factor of f and 98?
14
Let n(d) = 11*d**2 - 14*d + 1. Let i be n(4). What is the greatest common factor of i and 11?
11
Let b = 4 + 3. What is the highest common divisor of b and 63?
7
Let k(j) = -j + 12. Let l be k(9). Suppose l*t = -2*r + r + 19, -r + 26 = -4*t. Let v = r + -12. Calculate the greatest common divisor of v and 40.
10
Let p = -229 + 328. What is the greatest common divisor of 9 and p?
9
Suppose 0 = -x + 1 + 12. Calculate the highest common factor of 117 and x.
13
Suppose 4*u - 68 = -j, j - 100 = u + 3*u. Suppose -2*g - i + 27 = 0, -i = 4*i - 15. What is the highest common factor of g and j?
12
Let x = 7 + 23. Suppose -5*h + a + 220 = 0, h - a - x = 2*a. Let m = 28 - 10. What is the greatest common divisor of m and h?
9
Let p(t) = t**2 - 5*t + 4. Let w be p(6). Let o be (101 - 8) + -2 + -1. What is the highest common divisor of w and o?
10
Let k(x) = -x**2 + 7*x + 3. Let n be k(7). Suppose -n*h + 229 = -56. Calculate the greatest common factor of h and 19.
19
Let c be 82/10 + ((-1)/5)/1. What is the greatest common divisor of 20 and c?
4
Let u be ((-12)/16)/1*-24. Let n be 2 + 0 + -2 + 3. Suppose -4*f = n*r + 2*r - 30, 2*r - 24 = -4*f. What is the highest common factor of u and r?
2
Suppose 4*w + 47 = 15. Let r = -5 - w. What is the greatest common factor of 3 and r?
3
Let g be 6/4*4/6. Suppose -151*x - 64 = -167*x. What is the greatest common divisor of x and g?
1
Suppose 0*a = -a. Suppose 5*m + a*b - 2*b = 205, -2*m + 88 = -2*b. Suppose -4*z + m = -33. Calculate the greatest common factor of z and 18.
18
Let t be -2*((-20)/(-4) + -15). What is the greatest common divisor of 140 and t?
20
Let o = 8901 + -4166. Suppose -3*c + c - 1898 = -2*u, 3*u - o = 5*c. Let h be c/(-40) - (-4)/10. What is the highest common factor of 36 and h?
12
Suppose -2*m + 140 = 2*m. Let v = m - 13. What is the greatest common factor of v and 2?
2
Let x = 0 - -1. Let c = 15 - x. Suppose 9*t = 7*t + 252. Calculate the greatest common factor of t and c.
14
Let m(l) = -26*l**3 + 2*l**2 - 9. Let h(w) = 13*w**3 - w**2 + 4. Let y(x) = 9*h(x) + 4*m(x). Let r be y(1). What is the highest common divisor of 18 and r?
6
Let c be (6/5)/(1 - (-201)/(-210)). Suppose -2*f + u = 11 - 92, u - 3 = 0. Calculate the greatest common divisor of c and f.
14
Suppose 605 = 3*a + 2*a. Let g(l) = l**2 - 5. Let q be g(-4). What is the highest common factor of a and q?
11
Let m(u) = 2*u**3 - u**2 - 5*u - 3. Let a be m(3). Suppose b = 3*b - 6. Calculate the greatest common factor of b and a.
3
Let b be -1 + 1 + -3 + 2. Let i = 10 - b. Let o = 8 - -3. Calculate the greatest common divisor of o and i.
11
Let y = 108 - -36. Suppose 6*s + y = 9*s. What is the greatest common factor of 16 and s?
16
Let k(t) = -22*t - 4. Let m be k(-2). What is the highest common divisor of 60 and m?
20
Let w(c) = c + 14. Let l be w(10). Calculate the highest common divisor of 60 and l.
12
Let t be 4 + -1 + (8 - -1). What is the greatest common factor of t and 96?
12
Let s be (20/25)/(6/45). Suppose 2*d - 3*m + 9 = 0, -m + 4 = -2*d + d. Let t(b) = -b**2 - 4*b - 1. Let p be t(d). What is the greatest common factor of s and p?
2
Let q = 3 + 16. What is the greatest common divisor of q and 190?
19
Suppose -19 = -2*d + 1. Calculate the highest common factor of d and 90.
10
Suppose k - 3*k + 4*m = 0, 2*m + 30 = 4*k. Let q = 14 - k. Suppose 480 = q*n + n. Calculate the greatest common divisor of 12 and n.
12
Let l(h) be the second derivative of 7*h**5/5 - h**3/3 + h**2/2 - 3*h. Let t be l(1). What is the highest common factor of t and 9?
9
Let b(i) = -3*i + 60. Let y be b(18). Suppose -8*f = -4*f - 36. Let w = f - -6. What is the greatest common factor of y and w?
3
Suppose 0 = -0*d + d + 4*m - 8, -2*d = -4*m + 44. Let n be 2/(2/1) - d. Let u = 259 + -142. What is the highest common factor of u and n?
13
Let r be (-4 - -2) + -8*11. Let y = -2 - r. Calculate the highest common factor of y and 8.
8
Let a be 9/3 + (13 - 4). Calculate the greatest common factor of 18 and a.
6
Let k = 22 - 34. Let s be k/(-18) - 68/(-6). Calculate the highest common divisor of 4 and s.
4
Let c(w) = -w**2 + 4. Let q be c(0). Suppose 0 = -3*f - 2*m + 94, 0 = 3*f + 3*m - 87 - 6. Calculate the highest common divisor of f and q.
4
Suppose -g + 22 = 3*i, 0*i + 2*g = -i + 14. Let h be (-1)/i + (-38)/(-12). Calculate the greatest common divisor of h and 3.
3
Let p(s) be the third derivative of -s**4/24 + 3*s**2. Let y be p(-9). What is the greatest common divisor of y and 63?
9
Suppose 0 = -2*s + 3*s + 1. Suppose 1 - 3 = -2*w. Let f be w*s - 30/(-5). Calculate the highest common factor of 1 and f.
1
Suppose -3 = 5*o - 28. Suppose 8 - 3 = o*n. Let j be -2 - (n + 1 + -6). Calculate the greatest common divisor of 6 and j.
2
Let f(z) = -z**3 - 2*z + 30. Let x be f(0). What is the highest common factor of x and 10?
10
Let s(c) = -2 + 2 - 6*c - c. Let t be s(-2). Calculate the highest common factor of 70 and t.
14
Let z be (-53)/(-3) + 7/21. What is the greatest common divisor of 45 and z?
9
Suppose 4*k - 29 = 5*p + 31, 0 = 5*k + 3*p - 38. What is the greatest common factor of 110 and k?
10
Let m = 10 - 0. Let k be m/(4/18 - 0). Let q be 2/6 + 4984/168. What is the greatest common divisor of q and k?
15
Let